{"id":1116,"date":"2021-11-27T00:36:40","date_gmt":"2021-11-27T00:36:40","guid":{"rendered":"https:\/\/aemachadodematos.pt\/agrupamento\/?page_id=1116"},"modified":"2022-10-12T08:56:40","modified_gmt":"2022-10-12T08:56:40","slug":"erasmus-1","status":"publish","type":"page","link":"https:\/\/aemachadodematos.pt\/agrupamento\/erasmus-1\/","title":{"rendered":"Erasmus + KA229"},"content":{"rendered":"<p>[vc_row][vc_column][vc_custom_heading text=&#8221;ERASMUS + KA229&#8243;][vc_separator][vc_column_text css_animation=&#8221;bounceIn&#8221;]<a href=\"https:\/\/www.erasmusmais.pt\/\" target=\"_blank\" rel=\"noopener\"><img loading=\"lazy\" decoding=\"async\" class=\"alignleft wp-image-925 size-medium\" src=\"https:\/\/aemachadodematos.pt\/agrupamento\/wp-content\/uploads\/2021\/09\/erasmus-245x90.png\" alt=\"\" width=\"245\" height=\"90\" \/><\/a><\/p>\n<p>&nbsp;<\/p>\n<p>&nbsp;<\/p>\n<p>&nbsp;<\/p>\n<p style=\"text-align: center;\"><strong>Projeto em curso no Agrupamento de Escolas Dr. Machado de Matos, Felgueiras <\/strong><\/p>\n<p style=\"text-align: center;\"><strong>\u00a0Projeto n. \u00ba<\/strong>\u00a0<strong>2019-1-DE03-KA229-059530_6<\/strong><\/p>\n<p>&nbsp;<\/p>\n<p style=\"text-align: center;\"><strong><em>Spa Towns: Places of civilization and health<\/em><\/strong><\/p>\n<p>&nbsp;<\/p>\n<p style=\"text-align: center;\"><strong>Financed by the Erasmus + Program of the European Union<\/strong><\/p>\n<p>This theme provides the ideal basis for a sophisticated interdisciplinary approach that allows a variety of work priorities in terms of shared cultural heritage.<\/p>\n<p>Through the composition of the six partners, which consists of high schools as well as vocational schools, we equally pursue the general humanistic education approach, but also set specific occupation related priorities and promote creativity, self-responsible work and the sense of community.<\/p>\n<p>This project offers also an insight in innovative approaches concerning education, school management, curricula, interdisciplinary cooperation and a wide range of methods which could improve and enrich school life and educational work of the participating partners.<\/p>\n<p>&nbsp;<\/p>\n<p><strong>Escola Coordenadora:<\/strong> August-Horch-Schule BBS Andernach &#8211; Alemanha<\/p>\n<p><strong>\u00a0<\/strong><\/p>\n<p><strong>Escolas Parceiras:<\/strong><\/p>\n<ul>\n<li><strong>Portugal:<\/strong> Agrupamento de Escolas Dr. Machado de Matos &#8211; Felgueiras<\/li>\n<li><strong>Pol\u00f3nia:<\/strong> II Liceum Ogolnoksztalcace im. Marii Sklodowskiej-Curie w Konskich &#8211; Konskie<\/li>\n<li><strong>Est\u00f3nia:<\/strong> P\u00e4rnu \u00dchisg\u00fcmnaasium &#8211; P\u00e4rnu<\/li>\n<li><strong>Bulg\u00e1ria:<\/strong> Profesionalna Gimnazia Po Elektronika \u201cJohn Atanasoff\u201d \u2013 Stara Zagora<\/li>\n<li><strong>Fran\u00e7a:<\/strong> Lycee des Metiers du Val D\u2019Authie &#8211; Doullens<\/li>\n<\/ul>\n<p>[\/vc_column_text][\/vc_column][\/vc_row][vc_row][vc_column][vc_gallery interval=&#8221;0&#8243; source=&#8221;external_link&#8221; onclick=&#8221;&#8221; custom_srcs=&#8221;#E-8_aHR0cHMlM0ElMkYlMkZ3d3cuYWVtYWNoYWRvZGVtYXRvcy5wdCUyRmFncnVwYW1lbnRvJTJGZmljaGVpcm9zJTJGZXJhc211cyUyRjIuanBlZyUyQ2h0dHBzJTNBJTJGJTJGd3d3LmFlbWFjaGFkb2RlbWF0b3MucHQlMkZhZ3J1cGFtZW50byUyRmZpY2hlaXJvcyUyRmVyYXNtdXMlMkYxLmpwZWclMkNodHRwcyUzQSUyRiUyRnd3dy5hZW1hY2hhZG9kZW1hdG9zLnB0JTJGYWdydXBhbWVudG8lMkZmaWNoZWlyb3MlMkZlcmFzbXVzJTJGMy5qcGVnJTJDaHR0cHMlM0ElMkYlMkZ3d3cuYWVtYWNoYWRvZGVtYXRvcy5wdCUyRmFncnVwYW1lbnRvJTJGZmljaGVpcm9zJTJGZXJhc211cyUyRjQuanBlZyUyQ2h0dHBzJTNBJTJGJTJGd3d3LmFlbWFjaGFkb2RlbWF0b3MucHQlMkZhZ3J1cGFtZW50byUyRmZpY2hlaXJvcyUyRmVyYXNtdXMlMkY1LmpwZWclMkNodHRwcyUzQSUyRiUyRnd3dy5hZW1hY2hhZG9kZW1hdG9zLnB0JTJGYWdydXBhbWVudG8lMkZmaWNoZWlyb3MlMkZlcmFzbXVzJTJGNi5qcGVnJTJDaHR0cHMlM0ElMkYlMkZ3d3cuYWVtYWNoYWRvZGVtYXRvcy5wdCUyRmFncnVwYW1lbnRvJTJGZmljaGVpcm9zJTJGZXJhc211cyUyRjguanBlZw==&#8221;][\/vc_column][\/vc_row][vc_section][vc_row][vc_column][vc_separator][vc_column_text]<b>Comemora\u00e7\u00e3o do #Erasmusdays 2021 -14 and 15 October 2021<\/b>[\/vc_column_text][vc_column_text]<\/p>\n<figure class=\"wp-block-video\">\n<p align=\"center\"><video src=\"https:\/\/www.aemachadodematos.pt\/agrupamento\/ficheiros\/erasmus\/erasmus.mp4\" controls=\"controls\" width=\"854\" height=\"480\"><\/video><\/p>\n<\/figure>\n<p>[\/vc_column_text][vc_column_text]<\/p>\n<div class=\"x_elementToProof\">O Projeto Erasmus+ KA229, com o tema\u00a0<b><i>Spa Towns and Thermal Baths: places of civilization and culture<\/i><\/b>, passou por Portugal no ano letivo 2021\/2022.<\/div>\n<div class=\"x_elementToProof\">A semana de encontro dos parceiros na nossa escola teve lugar em dezembro de 2021 e foi um momento muito marcante e inesquec\u00edvel na vida do nosso Agrupamento. Fica o registo em v\u00eddeo de alguns dos momentos fant\u00e1sticos que todos os envolvidos no projeto, e demais comunidade educativa, tiveram a oportunidade de vivenciar.<\/div>\n<div class=\"x_elementToProof\">Abrimos a escola \u00e0 Europa e levamos bem longe a nossa cultura, patrim\u00f3nio e hospitalidade.<\/div>\n<p>&nbsp;<\/p>\n<div class=\"x_elementToProof\"><\/div>\n<div>V\u00eddeo 1<\/div>\n<div>\n<figure class=\"wp-block-video\">\n<p align=\"center\"><video src=\"https:\/\/aemachadodematos.pt\/agrupamento\/ficheiros\/erasmus\/1dia.mp4\" controls=\"controls\" width=\"854\" height=\"480\"><\/video><\/p>\n<\/figure>\n<\/div>\n<p>&nbsp;<\/p>\n<div>V\u00eddeo 2<\/div>\n<div>\n<figure class=\"wp-block-video\">\n<p align=\"center\"><video src=\"https:\/\/aemachadodematos.pt\/agrupamento\/ficheiros\/erasmus\/2dia.mp4\" controls=\"controls\" width=\"854\" height=\"480\"><\/video><\/p>\n<\/figure>\n<\/div>\n<p>&nbsp;<\/p>\n<div>V\u00eddeo 3<\/div>\n<div>\n<figure class=\"wp-block-video\">\n<p align=\"center\"><video src=\"https:\/\/aemachadodematos.pt\/agrupamento\/ficheiros\/erasmus\/3dia.mp4\" controls=\"controls\" width=\"854\" height=\"480\"><\/video><\/p>\n<\/figure>\n<\/div>\n<p>&nbsp;<\/p>\n<div>V\u00eddeo 4<\/div>\n<div>\n<figure class=\"wp-block-video\">\n<p align=\"center\"><video src=\"https:\/\/aemachadodematos.pt\/agrupamento\/ficheiros\/erasmus\/4dia.mp4\" controls=\"controls\" width=\"854\" height=\"480\"><\/video><\/p>\n<\/figure>\n<\/div>\n<p>&nbsp;<\/p>\n<div>V\u00eddeo 5<\/div>\n<div>\n<figure class=\"wp-block-video\">\n<p align=\"center\"><video src=\"https:\/\/aemachadodematos.pt\/agrupamento\/ficheiros\/erasmus\/5dia.mp4\" controls=\"controls\" width=\"854\" height=\"480\"><\/video><\/p>\n<\/figure>\n<\/div>\n<p>[\/vc_column_text][\/vc_column][\/vc_row][\/vc_section]<\/p>\n","protected":false},"excerpt":{"rendered":"<p>[vc_row][vc_column][vc_custom_heading text=&#8221;ERASMUS + KA229&#8243;][vc_separator][vc_column_text css_animation=&#8221;bounceIn&#8221;] &nbsp; &nbsp; &nbsp; Projeto em curso no Agrupamento de Escolas Dr. Machado de Matos, Felgueiras \u00a0Projeto n. \u00ba\u00a02019-1-DE03-KA229-059530_6 &nbsp; Spa Towns: Places of civilization and health &nbsp; Financed by the Erasmus + Program of the&nbsp;<a href=\"https:\/\/aemachadodematos.pt\/agrupamento\/erasmus-1\/\">&hellip;<\/a><\/p>\n","protected":false},"author":1,"featured_media":0,"parent":0,"menu_order":0,"comment_status":"closed","ping_status":"closed","template":"template-sidebar-right-childpages.php","meta":{"_uag_custom_page_level_css":"","footnotes":""},"class_list":["post-1116","page","type-page","status-publish","hentry","odd"],"mb":[],"uagb_featured_image_src":{"full":false,"thumbnail":false,"medium":false,"medium_large":false,"large":false,"1536x1536":false,"2048x2048":false,"classic-grid-listing":false,"classic-list-listing":false,"modern-grid-listing":false,"product-page-image":false,"product-category-page-image":false,"post-thumbnail":false,"ed-school-featured-image":false,"ed-school-medium":false,"ed-school-medium-alt":false,"ed-school-square":false,"ed-school-square-small":false},"uagb_author_info":{"display_name":"admin","author_link":"https:\/\/aemachadodematos.pt\/agrupamento\/author\/admin\/"},"uagb_comment_info":0,"uagb_excerpt":"[vc_row][vc_column][vc_custom_heading text=&#8221;ERASMUS + KA229&#8243;][vc_separator][vc_column_text css_animation=&#8221;bounceIn&#8221;] &nbsp; &nbsp; &nbsp; Projeto em curso no Agrupamento de Escolas Dr. Machado de Matos, Felgueiras \u00a0Projeto n. \u00ba\u00a02019-1-DE03-KA229-059530_6 &nbsp; Spa Towns: Places of civilization and health &nbsp; Financed by the Erasmus + Program of the&nbsp;&hellip;","mfb_rest_fields":["title","uagb_featured_image_src","uagb_author_info","uagb_comment_info","uagb_excerpt"],"_links":{"self":[{"href":"https:\/\/aemachadodematos.pt\/agrupamento\/wp-json\/wp\/v2\/pages\/1116","targetHints":{"allow":["GET"]}}],"collection":[{"href":"https:\/\/aemachadodematos.pt\/agrupamento\/wp-json\/wp\/v2\/pages"}],"about":[{"href":"https:\/\/aemachadodematos.pt\/agrupamento\/wp-json\/wp\/v2\/types\/page"}],"author":[{"embeddable":true,"href":"https:\/\/aemachadodematos.pt\/agrupamento\/wp-json\/wp\/v2\/users\/1"}],"replies":[{"embeddable":true,"href":"https:\/\/aemachadodematos.pt\/agrupamento\/wp-json\/wp\/v2\/comments?post=1116"}],"version-history":[{"count":6,"href":"https:\/\/aemachadodematos.pt\/agrupamento\/wp-json\/wp\/v2\/pages\/1116\/revisions"}],"predecessor-version":[{"id":1942,"href":"https:\/\/aemachadodematos.pt\/agrupamento\/wp-json\/wp\/v2\/pages\/1116\/revisions\/1942"}],"wp:attachment":[{"href":"https:\/\/aemachadodematos.pt\/agrupamento\/wp-json\/wp\/v2\/media?parent=1116"}],"curies":[{"name":"wp","href":"https:\/\/api.w.org\/{rel}","templated":true}]}}

<p>[vc_row][vc_column][vc_custom_heading text=&#8221;ERASMUS + KA229&#8243;][vc_separator][vc_column_text css_animation=&#8221;bounceIn&#8221;]<a href="https://www.erasmusmais.pt/" target="_blank" rel="noopener"><img loading="lazy" decoding="async" class="alignleft wp-image-925 size-medium" src="https://aemachadodematos.pt/agrupamento/wp-content/uploads/2021/09/erasmus-245x90.png" alt="" width="245" height="90" /></a></p>
<p>&nbsp;</p>
<p>&nbsp;</p>
<p>&nbsp;</p>
<p style="text-align: center;"><strong>Projeto em curso no Agrupamento de Escolas Dr. Machado de Matos, Felgueiras </strong></p>
<p style="text-align: center;"><strong> Projeto n. º</strong> <strong>2019-1-DE03-KA229-059530_6</strong></p>
<p>&nbsp;</p>
<p style="text-align: center;"><strong><em>Spa Towns: Places of civilization and health</em></strong></p>
<p>&nbsp;</p>
<p style="text-align: center;"><strong>Financed by the Erasmus + Program of the European Union</strong></p>
<p>This theme provides the ideal basis for a sophisticated interdisciplinary approach that allows a variety of work priorities in terms of shared cultural heritage.</p>
<p>Through the composition of the six partners, which consists of high schools as well as vocational schools, we equally pursue the general humanistic education approach, but also set specific occupation related priorities and promote creativity, self-responsible work and the sense of community.</p>
<p>This project offers also an insight in innovative approaches concerning education, school management, curricula, interdisciplinary cooperation and a wide range of methods which could improve and enrich school life and educational work of the participating partners.</p>
<p>&nbsp;</p>
<p><strong>Escola Coordenadora:</strong> August-Horch-Schule BBS Andernach &#8211; Alemanha</p>
<p><strong> </strong></p>
<p><strong>Escolas Parceiras:</strong></p>
<ul>
<li><strong>Portugal:</strong> Agrupamento de Escolas Dr. Machado de Matos &#8211; Felgueiras</li>
<li><strong>Polónia:</strong> II Liceum Ogolnoksztalcace im. Marii Sklodowskiej-Curie w Konskich &#8211; Konskie</li>
<li><strong>Estónia:</strong> Pärnu Ühisgümnaasium &#8211; Pärnu</li>
<li><strong>Bulgária:</strong> Profesionalna Gimnazia Po Elektronika “John Atanasoff” – Stara Zagora</li>
<li><strong>França:</strong> Lycee des Metiers du Val D’Authie &#8211; Doullens</li>
</ul>
<p>[/vc_column_text][/vc_column][/vc_row][vc_row][vc_column][vc_gallery interval=&#8221;0&#8243; source=&#8221;external_link&#8221; onclick=&#8221;&#8221; custom_srcs=&#8221;#E-8_aHR0cHMlM0ElMkYlMkZ3d3cuYWVtYWNoYWRvZGVtYXRvcy5wdCUyRmFncnVwYW1lbnRvJTJGZmljaGVpcm9zJTJGZXJhc211cyUyRjIuanBlZyUyQ2h0dHBzJTNBJTJGJTJGd3d3LmFlbWFjaGFkb2RlbWF0b3MucHQlMkZhZ3J1cGFtZW50byUyRmZpY2hlaXJvcyUyRmVyYXNtdXMlMkYxLmpwZWclMkNodHRwcyUzQSUyRiUyRnd3dy5hZW1hY2hhZG9kZW1hdG9zLnB0JTJGYWdydXBhbWVudG8lMkZmaWNoZWlyb3MlMkZlcmFzbXVzJTJGMy5qcGVnJTJDaHR0cHMlM0ElMkYlMkZ3d3cuYWVtYWNoYWRvZGVtYXRvcy5wdCUyRmFncnVwYW1lbnRvJTJGZmljaGVpcm9zJTJGZXJhc211cyUyRjQuanBlZyUyQ2h0dHBzJTNBJTJGJTJGd3d3LmFlbWFjaGFkb2RlbWF0b3MucHQlMkZhZ3J1cGFtZW50byUyRmZpY2hlaXJvcyUyRmVyYXNtdXMlMkY1LmpwZWclMkNodHRwcyUzQSUyRiUyRnd3dy5hZW1hY2hhZG9kZW1hdG9zLnB0JTJGYWdydXBhbWVudG8lMkZmaWNoZWlyb3MlMkZlcmFzbXVzJTJGNi5qcGVnJTJDaHR0cHMlM0ElMkYlMkZ3d3cuYWVtYWNoYWRvZGVtYXRvcy5wdCUyRmFncnVwYW1lbnRvJTJGZmljaGVpcm9zJTJGZXJhc211cyUyRjguanBlZw==&#8221;][/vc_column][/vc_row][vc_section][vc_row][vc_column][vc_separator][vc_column_text]<b>Comemoração do #Erasmusdays 2021 -14 and 15 October 2021</b>[/vc_column_text][vc_column_text]</p>
<figure class="wp-block-video">
<p align="center"><video src="https://www.aemachadodematos.pt/agrupamento/ficheiros/erasmus/erasmus.mp4" controls="controls" width="854" height="480"></video></p>
</figure>
<p>[/vc_column_text][vc_column_text]</p>
<div class="x_elementToProof">O Projeto Erasmus+ KA229, com o tema <b><i>Spa Towns and Thermal Baths: places of civilization and culture</i></b>, passou por Portugal no ano letivo 2021/2022.</div>
<div class="x_elementToProof">A semana de encontro dos parceiros na nossa escola teve lugar em dezembro de 2021 e foi um momento muito marcante e inesquecível na vida do nosso Agrupamento. Fica o registo em vídeo de alguns dos momentos fantásticos que todos os envolvidos no projeto, e demais comunidade educativa, tiveram a oportunidade de vivenciar.</div>
<div class="x_elementToProof">Abrimos a escola à Europa e levamos bem longe a nossa cultura, património e hospitalidade.</div>
<p>&nbsp;</p>
<div class="x_elementToProof"></div>
<div>Vídeo 1</div>
<div>
<figure class="wp-block-video">
<p align="center"><video src="https://aemachadodematos.pt/agrupamento/ficheiros/erasmus/1dia.mp4" controls="controls" width="854" height="480"></video></p>
</figure>
</div>
<p>&nbsp;</p>
<div>Vídeo 2</div>
<div>
<figure class="wp-block-video">
<p align="center"><video src="https://aemachadodematos.pt/agrupamento/ficheiros/erasmus/2dia.mp4" controls="controls" width="854" height="480"></video></p>
</figure>
</div>
<p>&nbsp;</p>
<div>Vídeo 3</div>
<div>
<figure class="wp-block-video">
<p align="center"><video src="https://aemachadodematos.pt/agrupamento/ficheiros/erasmus/3dia.mp4" controls="controls" width="854" height="480"></video></p>
</figure>
</div>
<p>&nbsp;</p>
<div>Vídeo 4</div>
<div>
<figure class="wp-block-video">
<p align="center"><video src="https://aemachadodematos.pt/agrupamento/ficheiros/erasmus/4dia.mp4" controls="controls" width="854" height="480"></video></p>
</figure>
</div>
<p>&nbsp;</p>
<div>Vídeo 5</div>
<div>
<figure class="wp-block-video">
<p align="center"><video src="https://aemachadodematos.pt/agrupamento/ficheiros/erasmus/5dia.mp4" controls="controls" width="854" height="480"></video></p>
</figure>
</div>
<p>[/vc_column_text][/vc_column][/vc_row][/vc_section]</p>

<p>[vc_row][vc_column][vc_custom_heading text=&#8221;ERASMUS + KA229&#8243;][vc_separator][vc_column_text css_animation=&#8221;bounceIn&#8221;] &nbsp; &nbsp; &nbsp; Projeto em curso no Agrupamento de Escolas Dr. Machado de Matos, Felgueiras  Projeto n. º 2019-1-DE03-KA229-059530_6 &nbsp; Spa Towns: Places of civilization and health &nbsp; Financed by the Erasmus + Program of the&nbsp;<a href="https://aemachadodematos.pt/agrupamento/erasmus-1/">&hellip;</a></p>

[vc_row][vc_column][vc_custom_heading text=&#8221;ERASMUS + KA229&#8243;][vc_separator][vc_column_text css_animation=&#8221;bounceIn&#8221;] &nbsp; &nbsp; &nbsp; Projeto em curso no Agrupamento de Escolas Dr. Machado de Matos, Felgueiras  Projeto n. º 2019-1-DE03-KA229-059530_6 &nbsp; Spa Towns: Places of civilization and health &nbsp; Financed by the Erasmus + Program of the&nbsp;&hellip;
