{"id":3809,"date":"2025-02-18T11:30:25","date_gmt":"2025-02-18T11:30:25","guid":{"rendered":"https:\/\/aemachadodematos.pt\/agrupamento\/?page_id=3809"},"modified":"2025-02-27T13:27:37","modified_gmt":"2025-02-27T13:27:37","slug":"canal-de-denuncias","status":"publish","type":"page","link":"https:\/\/aemachadodematos.pt\/agrupamento\/canal-de-denuncias\/","title":{"rendered":"Formul\u00e1rio"},"content":{"rendered":"<p>[vc_row][\/vc_row][vc_column][\/vc_column][vc_row][vc_column][vc_column_text]<\/p>\r\n<h3><b data-olk-copy-source=\"MessageBody\">Canal de den\u00fancias de Corrup\u00e7\u00e3o e Infra\u00e7\u00f5es Conexas<\/b><\/h3>\r\n<div>\u00a0<\/div>\r\n<div>Este formul\u00e1rio destina-se a reportar suspeitas de irregularidades, pr\u00e1ticas de corrup\u00e7\u00e3o ou infra\u00e7\u00f5es conexas no Agrupamento de Escolas Dr. Machado de Matos, Felgueiras. Todas as informa\u00e7\u00f5es fornecidas ser\u00e3o tratadas com confidencialidade e, se solicitado, o denunciante poder\u00e1 permanecer an\u00f3nimo.<\/div>\r\n<div>\u00a0<\/div>\r\n<div>\u00a0<\/div>\r\n<div><a id=\"OWA9276dbc0-452d-491a-7002-b351756b3934\" class=\"x_x_OWAAutoLink\" title=\"https:\/\/forms.office.com\/e\/Wh1XM7GjEK\" href=\"https:\/\/forms.office.com\/e\/Wh1XM7GjEK\" target=\"_blank\" rel=\"noopener noreferrer\" data-auth=\"NotApplicable\" data-linkindex=\"1\">Formul\u00e1rio de Contacto (Canal de den\u00fancias)<\/a><\/div>\r\n<p>[\/vc_column_text][\/vc_column][\/vc_row][vc_row][vc_column][vc_column_text]<\/p>\r\n\r\n<div class=\"wp-block-file\"><a id=\"wp-block-file--media-a5bf6893-343a-4108-b0fd-8ed827386c14\" href=\"https:\/\/www.aemachadodematos.pt\/agrupamento\/ficheiros\/destaques\/cod-conduta.pdf\" target=\"_blank\" rel=\"noreferrer noopener\">C\u00f3digo de Conduta<\/a><a class=\"wp-block-file__button wp-element-button\" href=\"https:\/\/www.aemachadodematos.pt\/agrupamento\/ficheiros\/destaques\/cod-conduta.pdf\" download=\"\" aria-describedby=\"wp-block-file--media-a5bf6893-343a-4108-b0fd-8ed827386c14\">Descarregar<\/a><\/div>\r\n<p>\u00a0<\/p>\r\n\r\n<div class=\"wp-block-file\"><a id=\"wp-block-file--media-e0944d2a-aaea-47d9-a299-d89626f0746d\" href=\"https:\/\/aemachadodematos.pt\/agrupamento\/wp-content\/uploads\/2025\/02\/Plan-Prevencao-Riscos-Corrupcao-Infracoes-Conexas-1.pdf\" target=\"_blank\" rel=\"noreferrer noopener\">Plano de Preven\u00e7\u00e3o de Riscos<\/a><a class=\"wp-block-file__button wp-element-button\" href=\"https:\/\/aemachadodematos.pt\/agrupamento\/wp-content\/uploads\/2025\/02\/Plan-Prevencao-Riscos-Corrupcao-Infracoes-Conexas-1.pdf\" download=\"\" aria-describedby=\"wp-block-file--media-e0944d2a-aaea-47d9-a299-d89626f0746d\">Descarregar<\/a><\/div>\r\n\r\n<p>&nbsp;<\/p>\r\n<p>[\/vc_column_text][\/vc_column][\/vc_row]<\/p>","protected":false},"excerpt":{"rendered":"<p>[vc_row][\/vc_row][vc_column][\/vc_column][vc_row][vc_column][vc_column_text] Canal de den\u00fancias de Corrup\u00e7\u00e3o e Infra\u00e7\u00f5es Conexas \u00a0 Este formul\u00e1rio destina-se a reportar suspeitas de irregularidades, pr\u00e1ticas de corrup\u00e7\u00e3o ou infra\u00e7\u00f5es conexas no Agrupamento de Escolas Dr. Machado de Matos, Felgueiras. Todas as informa\u00e7\u00f5es fornecidas ser\u00e3o tratadas com&nbsp;<a href=\"https:\/\/aemachadodematos.pt\/agrupamento\/canal-de-denuncias\/\">&hellip;<\/a><\/p>\n","protected":false},"author":1,"featured_media":0,"parent":0,"menu_order":0,"comment_status":"closed","ping_status":"closed","template":"","meta":{"_uag_custom_page_level_css":"","footnotes":""},"class_list":["post-3809","page","type-page","status-publish","hentry","odd"],"mb":[],"uagb_featured_image_src":{"full":false,"thumbnail":false,"medium":false,"medium_large":false,"large":false,"1536x1536":false,"2048x2048":false,"classic-grid-listing":false,"classic-list-listing":false,"modern-grid-listing":false,"product-page-image":false,"product-category-page-image":false,"post-thumbnail":false,"ed-school-featured-image":false,"ed-school-medium":false,"ed-school-medium-alt":false,"ed-school-square":false,"ed-school-square-small":false},"uagb_author_info":{"display_name":"admin","author_link":"https:\/\/aemachadodematos.pt\/agrupamento\/author\/admin\/"},"uagb_comment_info":0,"uagb_excerpt":"[vc_row][\/vc_row][vc_column][\/vc_column][vc_row][vc_column][vc_column_text] Canal de den\u00fancias de Corrup\u00e7\u00e3o e Infra\u00e7\u00f5es Conexas \u00a0 Este formul\u00e1rio destina-se a reportar suspeitas de irregularidades, pr\u00e1ticas de corrup\u00e7\u00e3o ou infra\u00e7\u00f5es conexas no Agrupamento de Escolas Dr. Machado de Matos, Felgueiras. Todas as informa\u00e7\u00f5es fornecidas ser\u00e3o tratadas com&nbsp;&hellip;","mfb_rest_fields":["title","uagb_featured_image_src","uagb_author_info","uagb_comment_info","uagb_excerpt"],"_links":{"self":[{"href":"https:\/\/aemachadodematos.pt\/agrupamento\/wp-json\/wp\/v2\/pages\/3809","targetHints":{"allow":["GET"]}}],"collection":[{"href":"https:\/\/aemachadodematos.pt\/agrupamento\/wp-json\/wp\/v2\/pages"}],"about":[{"href":"https:\/\/aemachadodematos.pt\/agrupamento\/wp-json\/wp\/v2\/types\/page"}],"author":[{"embeddable":true,"href":"https:\/\/aemachadodematos.pt\/agrupamento\/wp-json\/wp\/v2\/users\/1"}],"replies":[{"embeddable":true,"href":"https:\/\/aemachadodematos.pt\/agrupamento\/wp-json\/wp\/v2\/comments?post=3809"}],"version-history":[{"count":18,"href":"https:\/\/aemachadodematos.pt\/agrupamento\/wp-json\/wp\/v2\/pages\/3809\/revisions"}],"predecessor-version":[{"id":3849,"href":"https:\/\/aemachadodematos.pt\/agrupamento\/wp-json\/wp\/v2\/pages\/3809\/revisions\/3849"}],"wp:attachment":[{"href":"https:\/\/aemachadodematos.pt\/agrupamento\/wp-json\/wp\/v2\/media?parent=3809"}],"curies":[{"name":"wp","href":"https:\/\/api.w.org\/{rel}","templated":true}]}}